
{"id":2720,"date":"2020-04-09T16:28:59","date_gmt":"2020-04-09T16:28:59","guid":{"rendered":"https:\/\/numerabilis.u-paris.fr\/partenaires\/sfhad\/?page_id=2720"},"modified":"2021-05-20T13:27:42","modified_gmt":"2021-05-20T13:27:42","slug":"actes-de-la-sfhad","status":"publish","type":"page","link":"https:\/\/numerabilis.u-paris.fr\/partenaires\/sfhad\/actes-de-la-sfhad\/","title":{"rendered":"Actes de la SFHAD"},"content":{"rendered":"<section class=\"wpb-content-wrapper\"><p>[vc_row full_width=\u00a0\u00bbstretch_row\u00a0\u00bb css=\u00a0\u00bb.vc_custom_1586527522885{background-color: #fff8eb !important;}\u00a0\u00bb][vc_column][vc_column_text el_class=\u00a0\u00bbFond_pale\u00a0\u00bb]Depuis 1995, la SFHAD organise chaque ann\u00e9e un congr\u00e8s dans une ville diff\u00e9rente. Ces actes sont publi\u00e9s sous forme \u00ab papier \u00bb et simultan\u00e9ment en \u00e9dition \u00e9lectronique sur ce site. Ils ont \u00e9t\u00e9 \u00e9dit\u00e9s successivement par Marguerite Zimmer, Jean Granat, Danielle Gourevitch, Micheline Ruel-Kellermann, Pierre Baron.<\/p>\n<p>Cliquez sur une entr\u00e9e dans la liste ci-dessous pour acc\u00e9der aux Actes correspondants (vous pouvez aussi, depuis n\u2019importe quelle page du site, s\u00e9lectionner l\u2019ann\u00e9e dans le menu de gauche.)[\/vc_column_text][\/vc_column][\/vc_row][vc_row][vc_column][vc_column_text]<em><div class=\"boxup\"><div class=\"box\"><div><h3><a href=\"https:\/\/numerabilis.u-paris.fr\/partenaires\/sfhad\/actes\/ve-congres-sens-1995\/\" class=\"name\">SENS, 1995<\/a><\/div><\/h3><div><h3><a href=\"https:\/\/numerabilis.u-paris.fr\/partenaires\/sfhad\/annee_lieu\/1996-obernai\/\" class=\"name\">OBERNAI, 1996<\/a><\/div><\/h3><div><h3><a href=\"https:\/\/numerabilis.u-paris.fr\/partenaires\/sfhad\/annee_lieu\/1997-st-honore\/\" class=\"name\">ST-HONOR\u00c9-LES-BAINS, 1997<\/a><\/div><\/h3><div><h3><a href=\"https:\/\/numerabilis.u-paris.fr\/partenaires\/sfhad\/annee_lieu\/1998-st-malo\/\" class=\"name\">ST-MALO, 1998<\/a><\/div><\/h3><div><h3><a href=\"https:\/\/numerabilis.u-paris.fr\/partenaires\/sfhad\/annee_lieu\/1999-lyon\/\" class=\"name\">LYON, 1999<\/a><\/div><\/h3><div><h3><a href=\"https:\/\/numerabilis.u-paris.fr\/partenaires\/sfhad\/annee_lieu\/2000-marseille\/\" class=\"name\">MARSEILLE, 2000<\/a><\/div><\/h3><div><h3><a href=\"https:\/\/numerabilis.u-paris.fr\/partenaires\/sfhad\/annee_lieu\/2001-toulouse\/\" class=\"name\">TOULOUSE, 2001<\/a><\/div><\/h3><div><h3><a href=\"https:\/\/numerabilis.u-paris.fr\/partenaires\/sfhad\/annee_lieu\/2002-paris\/\" class=\"name\">PARIS, 2002<\/a><\/div><\/h3><div><h3><a href=\"https:\/\/numerabilis.u-paris.fr\/partenaires\/sfhad\/annee_lieu\/2003-metz\/\" class=\"name\">METZ, 2003<\/a><\/div><\/h3><div><h3><a href=\"https:\/\/numerabilis.u-paris.fr\/partenaires\/sfhad\/annee_lieu\/2004-caen\/\" class=\"name\">CAEN, 2004<\/a><\/div><\/h3><div><h3><a href=\"https:\/\/numerabilis.u-paris.fr\/partenaires\/sfhad\/annee_lieu\/2005-reims\/\" class=\"name\">REIMS, 2005<\/a><\/div><\/h3><div><h3><a href=\"https:\/\/numerabilis.u-paris.fr\/partenaires\/sfhad\/actes\/xvie-congres-rouen-21-et-22-avril-2006\/\" class=\"name\">ROUEN, 2006<\/a><\/div><\/h3><div><h3><a href=\"https:\/\/numerabilis.u-paris.fr\/partenaires\/sfhad\/actes\/xviie-congres-castera-verduzan-18-19-mai-2007\/\" class=\"name\">CASTERA-VERDUZAN, 2007<\/a><\/div><\/h3><div><h3><a href=\"https:\/\/numerabilis.u-paris.fr\/partenaires\/sfhad\/actes\/xviiie-congres-nancy-11-13-avril-2008\/\" class=\"name\">NANCY, 2008<\/a><\/div><\/h3><div><h3><a href=\"https:\/\/numerabilis.u-paris.fr\/partenaires\/sfhad\/actes\/xixe-congres-paris-20-21-mars-2009\/\" class=\"name\">PARIS, 2009<\/a><\/div><\/h3><div><h3><a href=\"https:\/\/numerabilis.u-paris.fr\/partenaires\/sfhad\/actes\/xxe-congres-pouy-sur-vannes-2010\/\" class=\"name\">POUY-SUR-VANNES, 2010<\/a><\/div><\/h3><div><h3><a href=\"https:\/\/numerabilis.u-paris.fr\/partenaires\/sfhad\/actes\/xxie-congres-paris-2011\/\" class=\"name\">PARIS, 2011<\/a><\/div><\/h3><div><h3><a href=\"https:\/\/numerabilis.u-paris.fr\/partenaires\/sfhad\/actes\/xxiie-congres-rodez-2012\/\" class=\"name\">RODEZ-2012<\/a><\/div><\/h3><div><h3><a href=\"https:\/\/numerabilis.u-paris.fr\/partenaires\/sfhad\/actes\/xxiiie-congres-lyon-2013\/\" class=\"name\">LYON, 2013<\/a><\/div><\/h3><div><h3><a href=\"https:\/\/numerabilis.u-paris.fr\/partenaires\/sfhad\/actes\/xxive-congres-toulouse-2014\/\" class=\"name\">TOULOUSE, 2014<\/a><\/div><\/h3><div><h3><a href=\"https:\/\/numerabilis.u-paris.fr\/partenaires\/sfhad\/actes\/3402\/\" class=\"name\">LIEGE, 2015<\/a><\/div><\/h3><div><h3><a href=\"https:\/\/numerabilis.u-paris.fr\/partenaires\/sfhad\/actes\/xxvie-congres-madrid-2016\/\" class=\"name\">MADRID, 2016<\/a><\/div><\/h3><div><h3><a href=\"https:\/\/numerabilis.u-paris.fr\/partenaires\/sfhad\/actes\/xxviie-congres-sfhad-biu-sante-2017\/\" class=\"name\">PARIS, 2017<\/a><\/div><\/h3><div><h3><a href=\"https:\/\/numerabilis.u-paris.fr\/partenaires\/sfhad\/actes\/actes-xxviiie-congres-luxeuil-les-bains-2018\/\" class=\"name\">LUXEUIL-LES-BAINS, 2018<\/a><\/div><\/h3><div><h3><a href=\"https:\/\/numerabilis.u-paris.fr\/partenaires\/sfhad\/actes\/xxixe-congres-turin-2019\/\" class=\"name\">TURIN, 2019<\/a><\/div><\/h3><div><h3><a href=\"https:\/\/numerabilis.u-paris.fr\/partenaires\/sfhad\/actes\/xxxe-congres-rochefort-sur-mer-2020\/\" class=\"name\">ROCHEFORT, 2020<\/a><\/div><\/h3><div><h3><a href=\"https:\/\/numerabilis.u-paris.fr\/partenaires\/sfhad\/actes\/ive-congres-europeen-dhistoire-de-lart-dentaire-paris-2022\/\" class=\"name\">PARIS, 2022<\/a><\/div><\/h3><div><h3><a href=\"https:\/\/numerabilis.u-paris.fr\/partenaires\/sfhad\/actes\/xxxiiie-congres-namur-2023\/\" class=\"name\">NAMUR, 2023<\/a><\/div><\/h3><\/div><\/div><\/em>[\/vc_column_text][\/vc_column][\/vc_row][vc_row][vc_column][vc_column_text]<\/p>\n<p style=\"text-align: center;\">Contenu \u00a9\u00a0Soci\u00e9t\u00e9 fran\u00e7aise d&rsquo;histoire de l&rsquo;art dentaire<br \/>\n(ISSN 1164-8562)<\/p>\n<p>[\/vc_column_text][vc_column_text]<\/p>\n<p style=\"text-align: center;\">L&rsquo;\u00e9dition \u00e9lectronique des Actes de la SFHAD est une r\u00e9alisation du<br \/>\n<a href=\"mailto:si@biusante.parisdescartes.fr\">Service informatique de la BIU Sant\u00e9<\/a><\/p>\n<p>[\/vc_column_text][\/vc_column][\/vc_row]<\/p>\n<\/section>","protected":false},"excerpt":{"rendered":"<p>[vc_row full_width=\u00a0\u00bbstretch_row\u00a0\u00bb css=\u00a0\u00bb.vc_custom_1586527522885{background-color: #fff8eb !important;}\u00a0\u00bb][vc_column][vc_column_text el_class=\u00a0\u00bbFond_pale\u00a0\u00bb]Depuis 1995, la SFHAD organise chaque ann\u00e9e un congr\u00e8s dans une ville diff\u00e9rente. Ces actes sont publi\u00e9s sous forme \u00ab papier \u00bb et simultan\u00e9ment en \u00e9dition \u00e9lectronique sur ce site. Ils ont \u00e9t\u00e9 \u00e9dit\u00e9s successivement par Marguerite Zimmer, Jean Granat, Danielle Gourevitch, Micheline Ruel-Kellermann, Pierre Baron. Cliquez sur une entr\u00e9e &hellip; <a href=\"https:\/\/numerabilis.u-paris.fr\/partenaires\/sfhad\/actes-de-la-sfhad\/\">Continued<\/a><\/p>\n","protected":false},"author":1,"featured_media":0,"parent":0,"menu_order":0,"comment_status":"closed","ping_status":"closed","template":"","meta":{"_links_to":"","_links_to_target":""},"wps_subtitle":"","_links":{"self":[{"href":"https:\/\/numerabilis.u-paris.fr\/partenaires\/sfhad\/wp-json\/wp\/v2\/pages\/2720"}],"collection":[{"href":"https:\/\/numerabilis.u-paris.fr\/partenaires\/sfhad\/wp-json\/wp\/v2\/pages"}],"about":[{"href":"https:\/\/numerabilis.u-paris.fr\/partenaires\/sfhad\/wp-json\/wp\/v2\/types\/page"}],"author":[{"embeddable":true,"href":"https:\/\/numerabilis.u-paris.fr\/partenaires\/sfhad\/wp-json\/wp\/v2\/users\/1"}],"replies":[{"embeddable":true,"href":"https:\/\/numerabilis.u-paris.fr\/partenaires\/sfhad\/wp-json\/wp\/v2\/comments?post=2720"}],"version-history":[{"count":1,"href":"https:\/\/numerabilis.u-paris.fr\/partenaires\/sfhad\/wp-json\/wp\/v2\/pages\/2720\/revisions"}],"predecessor-version":[{"id":5716,"href":"https:\/\/numerabilis.u-paris.fr\/partenaires\/sfhad\/wp-json\/wp\/v2\/pages\/2720\/revisions\/5716"}],"wp:attachment":[{"href":"https:\/\/numerabilis.u-paris.fr\/partenaires\/sfhad\/wp-json\/wp\/v2\/media?parent=2720"}],"curies":[{"name":"wp","href":"https:\/\/api.w.org\/{rel}","templated":true}]}}

<section class="wpb-content-wrapper"><p>[vc_row full_width= »stretch_row » css= ».vc_custom_1586527522885{background-color: #fff8eb !important;} »][vc_column][vc_column_text el_class= »Fond_pale »]Depuis 1995, la SFHAD organise chaque année un congrès dans une ville différente. Ces actes sont publiés sous forme « papier » et simultanément en édition électronique sur ce site. Ils ont été édités successivement par Marguerite Zimmer, Jean Granat, Danielle Gourevitch, Micheline Ruel-Kellermann, Pierre Baron.</p>
<p>Cliquez sur une entrée dans la liste ci-dessous pour accéder aux Actes correspondants (vous pouvez aussi, depuis n’importe quelle page du site, sélectionner l’année dans le menu de gauche.)[/vc_column_text][/vc_column][/vc_row][vc_row][vc_column][vc_column_text]<em><div class="boxup"><div class="box"><div><h3><a href="https://numerabilis.u-paris.fr/partenaires/sfhad/actes/ve-congres-sens-1995/" class="name">SENS, 1995</a></div></h3><div><h3><a href="https://numerabilis.u-paris.fr/partenaires/sfhad/annee_lieu/1996-obernai/" class="name">OBERNAI, 1996</a></div></h3><div><h3><a href="https://numerabilis.u-paris.fr/partenaires/sfhad/annee_lieu/1997-st-honore/" class="name">ST-HONORÉ-LES-BAINS, 1997</a></div></h3><div><h3><a href="https://numerabilis.u-paris.fr/partenaires/sfhad/annee_lieu/1998-st-malo/" class="name">ST-MALO, 1998</a></div></h3><div><h3><a href="https://numerabilis.u-paris.fr/partenaires/sfhad/annee_lieu/1999-lyon/" class="name">LYON, 1999</a></div></h3><div><h3><a href="https://numerabilis.u-paris.fr/partenaires/sfhad/annee_lieu/2000-marseille/" class="name">MARSEILLE, 2000</a></div></h3><div><h3><a href="https://numerabilis.u-paris.fr/partenaires/sfhad/annee_lieu/2001-toulouse/" class="name">TOULOUSE, 2001</a></div></h3><div><h3><a href="https://numerabilis.u-paris.fr/partenaires/sfhad/annee_lieu/2002-paris/" class="name">PARIS, 2002</a></div></h3><div><h3><a href="https://numerabilis.u-paris.fr/partenaires/sfhad/annee_lieu/2003-metz/" class="name">METZ, 2003</a></div></h3><div><h3><a href="https://numerabilis.u-paris.fr/partenaires/sfhad/annee_lieu/2004-caen/" class="name">CAEN, 2004</a></div></h3><div><h3><a href="https://numerabilis.u-paris.fr/partenaires/sfhad/annee_lieu/2005-reims/" class="name">REIMS, 2005</a></div></h3><div><h3><a href="https://numerabilis.u-paris.fr/partenaires/sfhad/actes/xvie-congres-rouen-21-et-22-avril-2006/" class="name">ROUEN, 2006</a></div></h3><div><h3><a href="https://numerabilis.u-paris.fr/partenaires/sfhad/actes/xviie-congres-castera-verduzan-18-19-mai-2007/" class="name">CASTERA-VERDUZAN, 2007</a></div></h3><div><h3><a href="https://numerabilis.u-paris.fr/partenaires/sfhad/actes/xviiie-congres-nancy-11-13-avril-2008/" class="name">NANCY, 2008</a></div></h3><div><h3><a href="https://numerabilis.u-paris.fr/partenaires/sfhad/actes/xixe-congres-paris-20-21-mars-2009/" class="name">PARIS, 2009</a></div></h3><div><h3><a href="https://numerabilis.u-paris.fr/partenaires/sfhad/actes/xxe-congres-pouy-sur-vannes-2010/" class="name">POUY-SUR-VANNES, 2010</a></div></h3><div><h3><a href="https://numerabilis.u-paris.fr/partenaires/sfhad/actes/xxie-congres-paris-2011/" class="name">PARIS, 2011</a></div></h3><div><h3><a href="https://numerabilis.u-paris.fr/partenaires/sfhad/actes/xxiie-congres-rodez-2012/" class="name">RODEZ-2012</a></div></h3><div><h3><a href="https://numerabilis.u-paris.fr/partenaires/sfhad/actes/xxiiie-congres-lyon-2013/" class="name">LYON, 2013</a></div></h3><div><h3><a href="https://numerabilis.u-paris.fr/partenaires/sfhad/actes/xxive-congres-toulouse-2014/" class="name">TOULOUSE, 2014</a></div></h3><div><h3><a href="https://numerabilis.u-paris.fr/partenaires/sfhad/actes/3402/" class="name">LIEGE, 2015</a></div></h3><div><h3><a href="https://numerabilis.u-paris.fr/partenaires/sfhad/actes/xxvie-congres-madrid-2016/" class="name">MADRID, 2016</a></div></h3><div><h3><a href="https://numerabilis.u-paris.fr/partenaires/sfhad/actes/xxviie-congres-sfhad-biu-sante-2017/" class="name">PARIS, 2017</a></div></h3><div><h3><a href="https://numerabilis.u-paris.fr/partenaires/sfhad/actes/actes-xxviiie-congres-luxeuil-les-bains-2018/" class="name">LUXEUIL-LES-BAINS, 2018</a></div></h3><div><h3><a href="https://numerabilis.u-paris.fr/partenaires/sfhad/actes/xxixe-congres-turin-2019/" class="name">TURIN, 2019</a></div></h3><div><h3><a href="https://numerabilis.u-paris.fr/partenaires/sfhad/actes/xxxe-congres-rochefort-sur-mer-2020/" class="name">ROCHEFORT, 2020</a></div></h3><div><h3><a href="https://numerabilis.u-paris.fr/partenaires/sfhad/actes/ive-congres-europeen-dhistoire-de-lart-dentaire-paris-2022/" class="name">PARIS, 2022</a></div></h3><div><h3><a href="https://numerabilis.u-paris.fr/partenaires/sfhad/actes/xxxiiie-congres-namur-2023/" class="name">NAMUR, 2023</a></div></h3></div></div></em>[/vc_column_text][/vc_column][/vc_row][vc_row][vc_column][vc_column_text]</p>
<p style="text-align: center;">Contenu © Société française d&rsquo;histoire de l&rsquo;art dentaire<br />
(ISSN 1164-8562)</p>
<p>[/vc_column_text][vc_column_text]</p>
<p style="text-align: center;">L&rsquo;édition électronique des Actes de la SFHAD est une réalisation du<br />
<a href="mailto:si@biusante.parisdescartes.fr">Service informatique de la BIU Santé</a></p>
<p>[/vc_column_text][/vc_column][/vc_row]</p>
</section>

<p>[vc_row full_width= »stretch_row » css= ».vc_custom_1586527522885{background-color: #fff8eb !important;} »][vc_column][vc_column_text el_class= »Fond_pale »]Depuis 1995, la SFHAD organise chaque année un congrès dans une ville différente. Ces actes sont publiés sous forme « papier » et simultanément en édition électronique sur ce site. Ils ont été édités successivement par Marguerite Zimmer, Jean Granat, Danielle Gourevitch, Micheline Ruel-Kellermann, Pierre Baron. Cliquez sur une entrée &hellip; <a href="https://numerabilis.u-paris.fr/partenaires/sfhad/actes-de-la-sfhad/">Continued</a></p>
