
{"id":4577,"date":"2020-04-14T13:28:27","date_gmt":"2020-04-14T13:28:27","guid":{"rendered":"https:\/\/numerabilis.u-paris.fr\/partenaires\/sfhad\/?page_id=4577"},"modified":"2023-04-27T13:20:05","modified_gmt":"2023-04-27T13:20:05","slug":"adhesion","status":"publish","type":"page","link":"https:\/\/numerabilis.u-paris.fr\/partenaires\/sfhad\/adhesion\/","title":{"rendered":"Adh\u00e9sion"},"content":{"rendered":"<section class=\"wpb-content-wrapper\"><p>[vc_row][vc_column][vc_column_text]<\/p>\n<p align=\"JUSTIFY\">Adh\u00e9rer \u00e0 la SFHAD permet de recevoir les nouvelles concernant les activit\u00e9s de la Soci\u00e9t\u00e9, de recevoir les programmes des congr\u00e8s ainsi que la revue annuelle pr\u00e9sentant les actes.<\/p>\n<h2 align=\"JUSTIFY\"><strong>Tarif d&rsquo;adh\u00e9sion<\/strong><\/h2>\n<ul>\n<li>\n<p align=\"JUSTIFY\">65 \u20ac pour les personnes en activit\u00e9<\/p>\n<\/li>\n<li>\n<p align=\"JUSTIFY\">55 \u20ac pour les personnes non en activit\u00e9<\/p>\n<\/li>\n<li>\n<p align=\"JUSTIFY\">20 \u20ac pour les \u00e9tudiants<\/p>\n<\/li>\n<\/ul>\n<h2 align=\"JUSTIFY\">Pour adh\u00e9rer<\/h2>\n<p align=\"JUSTIFY\">R\u00e9glez le montant de votre cotisation :<\/p>\n<ul>\n<li>Par ch\u00e8que \u00e0 l\u2019ordre de la SFHAD adress\u00e9 \u00e0 :\n<ul>\n<li>Dr Aude Pasquini, 4 rue Matter, 88100 St Di\u00e9<\/li>\n<\/ul>\n<\/li>\n<li>Par virement IBAN :\n<ul>\n<li>FR76 3000 3039 5800 0372 6087 036<\/li>\n<\/ul>\n<\/li>\n<\/ul>\n<p align=\"JUSTIFY\">NB : Dans tous les cas, merci d\u2019indiquer le nom de l\u2019adh\u00e9rent dans le motif du virement.<\/p>\n<blockquote>\n<p align=\"JUSTIFY\">Renseignements : <a class=\"theme\" href=\"mailto:dr.pasquini88@gmail.com\" target=\"_blank\" rel=\"noopener noreferrer\">dr.pasquini88@gmail.com<\/a><br \/>\n<b> <\/b><\/p>\n<\/blockquote>\n<h2>M\u00e9daille<\/h2>\n<blockquote>\n<p><a href=\"https:\/\/numerabilis.u-paris.fr\/partenaires\/sfhad\/wp-content\/uploads\/ADHESION\/image011.jpg\"><img decoding=\"async\" loading=\"lazy\" class=\"alignleft wp-image-4579 size-medium\" src=\"https:\/\/numerabilis.u-paris.fr\/partenaires\/sfhad\/wp-content\/uploads\/ADHESION\/image011-300x300.jpg\" alt=\"\" width=\"300\" height=\"300\" srcset=\"https:\/\/numerabilis.u-paris.fr\/partenaires\/sfhad\/wp-content\/uploads\/ADHESION\/image011.jpg 300w, https:\/\/numerabilis.u-paris.fr\/partenaires\/sfhad\/wp-content\/uploads\/ADHESION\/image011-150x150.jpg 150w\" sizes=\"(max-width: 300px) 100vw, 300px\" \/><\/a><br \/>\nUne m\u00e9daille est en vente au prix de 40 \u20ac, port en plus, ceux-ci seront utilis\u00e9s pour l\u2019acquisition ou la restauration de documents anciens de la BIU Sant\u00e9.<\/p>\n<p>Contacter<br \/>\n<b>Pierre Baron<\/b><br \/>\n<a href=\"mailto:pierre.baron30@orange.fr\">pierre.baron30@orange.fr<\/a><br \/>\nT\u00e9l. 06 81 21 57 25<\/p>\n<\/blockquote>\n<p>[\/vc_column_text][\/vc_column][\/vc_row]<\/p>\n<\/section>","protected":false},"excerpt":{"rendered":"<p>[vc_row][vc_column][vc_column_text] Adh\u00e9rer \u00e0 la SFHAD permet de recevoir les nouvelles concernant les activit\u00e9s de la Soci\u00e9t\u00e9, de recevoir les programmes des congr\u00e8s ainsi que la revue annuelle pr\u00e9sentant les actes. Tarif d&rsquo;adh\u00e9sion 65 \u20ac pour les personnes en activit\u00e9 55 \u20ac pour les personnes non en activit\u00e9 20 \u20ac pour les \u00e9tudiants Pour adh\u00e9rer R\u00e9glez &hellip; <a href=\"https:\/\/numerabilis.u-paris.fr\/partenaires\/sfhad\/adhesion\/\">Continued<\/a><\/p>\n","protected":false},"author":5,"featured_media":0,"parent":0,"menu_order":0,"comment_status":"closed","ping_status":"closed","template":"","meta":{"_links_to":"","_links_to_target":""},"wps_subtitle":"","_links":{"self":[{"href":"https:\/\/numerabilis.u-paris.fr\/partenaires\/sfhad\/wp-json\/wp\/v2\/pages\/4577"}],"collection":[{"href":"https:\/\/numerabilis.u-paris.fr\/partenaires\/sfhad\/wp-json\/wp\/v2\/pages"}],"about":[{"href":"https:\/\/numerabilis.u-paris.fr\/partenaires\/sfhad\/wp-json\/wp\/v2\/types\/page"}],"author":[{"embeddable":true,"href":"https:\/\/numerabilis.u-paris.fr\/partenaires\/sfhad\/wp-json\/wp\/v2\/users\/5"}],"replies":[{"embeddable":true,"href":"https:\/\/numerabilis.u-paris.fr\/partenaires\/sfhad\/wp-json\/wp\/v2\/comments?post=4577"}],"version-history":[{"count":2,"href":"https:\/\/numerabilis.u-paris.fr\/partenaires\/sfhad\/wp-json\/wp\/v2\/pages\/4577\/revisions"}],"predecessor-version":[{"id":6002,"href":"https:\/\/numerabilis.u-paris.fr\/partenaires\/sfhad\/wp-json\/wp\/v2\/pages\/4577\/revisions\/6002"}],"wp:attachment":[{"href":"https:\/\/numerabilis.u-paris.fr\/partenaires\/sfhad\/wp-json\/wp\/v2\/media?parent=4577"}],"curies":[{"name":"wp","href":"https:\/\/api.w.org\/{rel}","templated":true}]}}