{"id":417,"date":"2020-02-28T10:35:04","date_gmt":"2020-02-28T10:35:04","guid":{"rendered":"https:\/\/numerabilis.u-paris.fr\/partenaires\/sfhd\/?page_id=417"},"modified":"2021-03-12T11:50:30","modified_gmt":"2021-03-12T11:50:30","slug":"charles-lailler","status":"publish","type":"biographie","link":"https:\/\/numerabilis.u-paris.fr\/partenaires\/sfhd\/biographies\/charles-lailler\/","title":{"rendered":"Charles Lailler (1822-1893)"},"content":{"rendered":"<section class=\"wpb-content-wrapper\"><p>[vc_row][vc_column][vc_column_text]Interne des H\u00f4pitaux de Paris en 1844, Lailler fut m\u00e9decin de l&rsquo;H\u00f4pital Saint-Louis de 1863 \u00e0 1887.<\/p>\n<p>En 1891, il fut \u00e9lu Pr\u00e9sident de la Soci\u00e9t\u00e9 fran\u00e7aise de Dermatologie.<\/p>\n<p>Lailler joua un r\u00f4le important dans le d\u00e9veloppement de la dermatologie \u00e0 l&rsquo;H\u00f4pital Saint-Louis : en 1863, il d\u00e9couvrit le mouleur <a href=\"https:\/\/numerabilis.u-paris.fr\/partenaires\/sfhd\/portraits-et-biographies\/jules-baretta\/\">Jules Baretta <\/a>et l&rsquo;amena dans son service, pour qu&rsquo;il r\u00e9alise des moulages de maladies de peau.<\/p>\n<p>En 1874, il fonda la biblioth\u00e8que des externes et en 1886 fut le premier donateur de livres pour la nouvelle biblioth\u00e8que m\u00e9dicale<\/p>\n<p>En 1878, Lailler cr\u00e9a dans son service le premier Mus\u00e9e de dermatologie, pr\u00e9curseur du Mus\u00e9e actuel qui fut construit en 1885.<\/p>\n<p>En 1886, Lailler fonda l&rsquo;\u00c9cole des enfants teigneux, situ\u00e9e dans l&rsquo;H\u00f4pital Saint-Louis, et destin\u00e9e \u00e0 apporter un enseignement aux enfants soign\u00e9s pour teigne du cuir chevelu, maladie contagieuse qui leur interdisait l\u2019acc\u00e8s aux \u00e9coles. L&rsquo;inscription \u00ab\u00a0l\u2019\u00c9cole Lailler\u00a0\u00bb est visible sur les b\u00e2timents donnant sur la rue Bichat, \u00e0 l&#8217;emplacement actuel de la consultation des MST.[\/vc_column_text][\/vc_column][\/vc_row]<\/p>\n<\/section>","protected":false},"excerpt":{"rendered":"<p>[vc_row][vc_column][vc_column_text]Interne des H\u00f4pitaux de Paris en 1844, Lailler fut m\u00e9decin de l&rsquo;H\u00f4pital Saint-Louis de 1863 \u00e0 1887. En 1891, il fut \u00e9lu Pr\u00e9sident de la Soci\u00e9t\u00e9 fran\u00e7aise de Dermatologie. Lailler joua un r\u00f4le important dans le d\u00e9veloppement de la dermatologie \u00e0 l&rsquo;H\u00f4pital Saint-Louis : en 1863, il d\u00e9couvrit le mouleur Jules Baretta et l&rsquo;amena dans &hellip; <a href=\"https:\/\/numerabilis.u-paris.fr\/partenaires\/sfhd\/biographies\/charles-lailler\/\">Continued<\/a><\/p>\n","protected":false},"author":1,"featured_media":180,"comment_status":"closed","ping_status":"closed","template":"","meta":{"_links_to":"","_links_to_target":""},"_links":{"self":[{"href":"https:\/\/numerabilis.u-paris.fr\/partenaires\/sfhd\/wp-json\/wp\/v2\/biographie\/417"}],"collection":[{"href":"https:\/\/numerabilis.u-paris.fr\/partenaires\/sfhd\/wp-json\/wp\/v2\/biographie"}],"about":[{"href":"https:\/\/numerabilis.u-paris.fr\/partenaires\/sfhd\/wp-json\/wp\/v2\/types\/biographie"}],"author":[{"embeddable":true,"href":"https:\/\/numerabilis.u-paris.fr\/partenaires\/sfhd\/wp-json\/wp\/v2\/users\/1"}],"replies":[{"embeddable":true,"href":"https:\/\/numerabilis.u-paris.fr\/partenaires\/sfhd\/wp-json\/wp\/v2\/comments?post=417"}],"version-history":[{"count":4,"href":"https:\/\/numerabilis.u-paris.fr\/partenaires\/sfhd\/wp-json\/wp\/v2\/biographie\/417\/revisions"}],"predecessor-version":[{"id":1518,"href":"https:\/\/numerabilis.u-paris.fr\/partenaires\/sfhd\/wp-json\/wp\/v2\/biographie\/417\/revisions\/1518"}],"wp:featuredmedia":[{"embeddable":true,"href":"https:\/\/numerabilis.u-paris.fr\/partenaires\/sfhd\/wp-json\/wp\/v2\/media\/180"}],"wp:attachment":[{"href":"https:\/\/numerabilis.u-paris.fr\/partenaires\/sfhd\/wp-json\/wp\/v2\/media?parent=417"}],"curies":[{"name":"wp","href":"https:\/\/api.w.org\/{rel}","templated":true}]}}

<section class="wpb-content-wrapper"><p>[vc_row][vc_column][vc_column_text]Interne des Hôpitaux de Paris en 1844, Lailler fut médecin de l&rsquo;Hôpital Saint-Louis de 1863 à 1887.</p>
<p>En 1891, il fut élu Président de la Société française de Dermatologie.</p>
<p>Lailler joua un rôle important dans le développement de la dermatologie à l&rsquo;Hôpital Saint-Louis : en 1863, il découvrit le mouleur <a href="https://numerabilis.u-paris.fr/partenaires/sfhd/portraits-et-biographies/jules-baretta/">Jules Baretta </a>et l&rsquo;amena dans son service, pour qu&rsquo;il réalise des moulages de maladies de peau.</p>
<p>En 1874, il fonda la bibliothèque des externes et en 1886 fut le premier donateur de livres pour la nouvelle bibliothèque médicale</p>
<p>En 1878, Lailler créa dans son service le premier Musée de dermatologie, précurseur du Musée actuel qui fut construit en 1885.</p>
<p>En 1886, Lailler fonda l&rsquo;École des enfants teigneux, située dans l&rsquo;Hôpital Saint-Louis, et destinée à apporter un enseignement aux enfants soignés pour teigne du cuir chevelu, maladie contagieuse qui leur interdisait l’accès aux écoles. L&rsquo;inscription « l’École Lailler » est visible sur les bâtiments donnant sur la rue Bichat, à l&#8217;emplacement actuel de la consultation des MST.[/vc_column_text][/vc_column][/vc_row]</p>
</section>

<p>[vc_row][vc_column][vc_column_text]Interne des Hôpitaux de Paris en 1844, Lailler fut médecin de l&rsquo;Hôpital Saint-Louis de 1863 à 1887. En 1891, il fut élu Président de la Société française de Dermatologie. Lailler joua un rôle important dans le développement de la dermatologie à l&rsquo;Hôpital Saint-Louis : en 1863, il découvrit le mouleur Jules Baretta et l&rsquo;amena dans &hellip; <a href="https://numerabilis.u-paris.fr/partenaires/sfhd/biographies/charles-lailler/">Continued</a></p>
