{"id":485,"date":"2020-02-28T14:02:30","date_gmt":"2020-02-28T14:02:30","guid":{"rendered":"https:\/\/numerabilis.u-paris.fr\/partenaires\/sfhd\/?page_id=485"},"modified":"2021-03-12T11:54:29","modified_gmt":"2021-03-12T11:54:29","slug":"ferdinand-jean-darier","status":"publish","type":"biographie","link":"https:\/\/numerabilis.u-paris.fr\/partenaires\/sfhd\/biographies\/ferdinand-jean-darier\/","title":{"rendered":"Ferdinand-Jean Darier (1856-1938)"},"content":{"rendered":"<p>N\u00e9 \u00e0\u00a0 Budapest d&rsquo;une famille fran\u00e7aise protestante, Darier fut nomm\u00e9 en 1880 Interne des H\u00f4pitaux de Paris. Il fut m\u00e9decin de l&rsquo;H\u00f4pital Saint-Louis de 1909 \u00e0\u00a0 1922.<\/p>\n<p>Darier \u00e9tait un des plus brillants dermatologistes de sa g\u00e9n\u00e9ration, \u00e0\u00a0 la fois en clinique et en histologie.<\/p>\n<p>Il est l&rsquo;auteur de nombreuses contributions originales, portant sur les k\u00e9ratoses folliculaires, le pseudo-xanthome \u00e9lastique, l&rsquo;acanthosis nigricans, le dermatofibrosarcome (tumeur de Darier-Ferrand), l&rsquo;\u00e9ryth\u00e8me annulaire centrifuge, les sarco\u00efdes hypodermiques (de Darier-Roussy), les tuberculides, le signe de Darier dans les mastocytoses. Enfin, il donna son nom \u00e0\u00a0 une maladie particuli\u00e8re , qu&rsquo;il d\u00e9crivit en 1889 sous le nom de psorospermose folliculaire v\u00e9g\u00e9tante.<\/p>\n<p>Son Pr\u00e9cis de dermatologie (premi\u00e8re \u00e9dition en 1909) \u00e9tait connu dans le monde entier<br \/>\nDarier fut le premier auteur de La Nouvelle pratique dermatologique, encyclop\u00e9die en huit volumes publi\u00e9e en 1936.<br \/>\nDe 1925 \u00e0\u00a0 1935, Darier fut maire de Longpont sur Orge.<\/p>\n","protected":false},"excerpt":{"rendered":"<p>N\u00e9 \u00e0\u00a0 Budapest d&rsquo;une famille fran\u00e7aise protestante, Darier fut nomm\u00e9 en 1880 Interne des H\u00f4pitaux de Paris. Il fut m\u00e9decin de l&rsquo;H\u00f4pital Saint-Louis de 1909 \u00e0\u00a0 1922. Darier \u00e9tait un des plus brillants dermatologistes de sa g\u00e9n\u00e9ration, \u00e0\u00a0 la fois en clinique et en histologie. Il est l&rsquo;auteur de nombreuses contributions originales, portant sur les &hellip; <a href=\"https:\/\/numerabilis.u-paris.fr\/partenaires\/sfhd\/biographies\/ferdinand-jean-darier\/\">Continued<\/a><\/p>\n","protected":false},"author":1,"featured_media":169,"comment_status":"closed","ping_status":"closed","template":"","meta":{"_links_to":"","_links_to_target":""},"_links":{"self":[{"href":"https:\/\/numerabilis.u-paris.fr\/partenaires\/sfhd\/wp-json\/wp\/v2\/biographie\/485"}],"collection":[{"href":"https:\/\/numerabilis.u-paris.fr\/partenaires\/sfhd\/wp-json\/wp\/v2\/biographie"}],"about":[{"href":"https:\/\/numerabilis.u-paris.fr\/partenaires\/sfhd\/wp-json\/wp\/v2\/types\/biographie"}],"author":[{"embeddable":true,"href":"https:\/\/numerabilis.u-paris.fr\/partenaires\/sfhd\/wp-json\/wp\/v2\/users\/1"}],"replies":[{"embeddable":true,"href":"https:\/\/numerabilis.u-paris.fr\/partenaires\/sfhd\/wp-json\/wp\/v2\/comments?post=485"}],"version-history":[{"count":2,"href":"https:\/\/numerabilis.u-paris.fr\/partenaires\/sfhd\/wp-json\/wp\/v2\/biographie\/485\/revisions"}],"predecessor-version":[{"id":1524,"href":"https:\/\/numerabilis.u-paris.fr\/partenaires\/sfhd\/wp-json\/wp\/v2\/biographie\/485\/revisions\/1524"}],"wp:featuredmedia":[{"embeddable":true,"href":"https:\/\/numerabilis.u-paris.fr\/partenaires\/sfhd\/wp-json\/wp\/v2\/media\/169"}],"wp:attachment":[{"href":"https:\/\/numerabilis.u-paris.fr\/partenaires\/sfhd\/wp-json\/wp\/v2\/media?parent=485"}],"curies":[{"name":"wp","href":"https:\/\/api.w.org\/{rel}","templated":true}]}}

<p>Né à  Budapest d&rsquo;une famille française protestante, Darier fut nommé en 1880 Interne des Hôpitaux de Paris. Il fut médecin de l&rsquo;Hôpital Saint-Louis de 1909 à  1922.</p>
<p>Darier était un des plus brillants dermatologistes de sa génération, à  la fois en clinique et en histologie.</p>
<p>Il est l&rsquo;auteur de nombreuses contributions originales, portant sur les kératoses folliculaires, le pseudo-xanthome élastique, l&rsquo;acanthosis nigricans, le dermatofibrosarcome (tumeur de Darier-Ferrand), l&rsquo;érythème annulaire centrifuge, les sarcoïdes hypodermiques (de Darier-Roussy), les tuberculides, le signe de Darier dans les mastocytoses. Enfin, il donna son nom à  une maladie particulière , qu&rsquo;il décrivit en 1889 sous le nom de psorospermose folliculaire végétante.</p>
<p>Son Précis de dermatologie (première édition en 1909) était connu dans le monde entier<br />
Darier fut le premier auteur de La Nouvelle pratique dermatologique, encyclopédie en huit volumes publiée en 1936.<br />
De 1925 à  1935, Darier fut maire de Longpont sur Orge.</p>

<p>Né à  Budapest d&rsquo;une famille française protestante, Darier fut nommé en 1880 Interne des Hôpitaux de Paris. Il fut médecin de l&rsquo;Hôpital Saint-Louis de 1909 à  1922. Darier était un des plus brillants dermatologistes de sa génération, à  la fois en clinique et en histologie. Il est l&rsquo;auteur de nombreuses contributions originales, portant sur les &hellip; <a href="https://numerabilis.u-paris.fr/partenaires/sfhd/biographies/ferdinand-jean-darier/">Continued</a></p>
