{"id":515,"date":"2020-02-28T16:05:11","date_gmt":"2020-02-28T16:05:11","guid":{"rendered":"https:\/\/numerabilis.u-paris.fr\/partenaires\/sfhd\/?page_id=515"},"modified":"2021-03-12T09:07:03","modified_gmt":"2021-03-12T09:07:03","slug":"emile-vidal-1825-1893","status":"publish","type":"biographie","link":"https:\/\/numerabilis.u-paris.fr\/partenaires\/sfhd\/biographies\/emile-vidal-1825-1893\/","title":{"rendered":"\u00c9mile VIDAL (1825-1893)"},"content":{"rendered":"<p>Apr\u00e8s avoir suivi les cours de l\u2019\u00c9cole de M\u00e9decine de Tours, Vidal fut nomm\u00e9 IHP en 1850. Refuse \u00e0 l\u2019agr\u00e9gation de m\u00e9decine, Vidal fut l&rsquo;un des premiers en France \u00e0 d\u00e9velopper l&rsquo;int\u00e9r\u00eat de l&rsquo;anatomo-pathologie en dermatologie : \u00ab\u00a0tous ses \u00e9l\u00e8ves connaissaient la fameuse armoire aux pr\u00e9parations de son laboratoire, armoire remplie de bo\u00eetes soigneusement \u00e9tiquet\u00e9es dans lesquelles se trouvaient de nombreuses coupes histologiques dues aux collaborateurs les plus divers, malheureusement pas toujours excellentes, collection qu&rsquo;il croyait de grande valeur et qu&rsquo;il s&rsquo;effor\u00e7ait sans cesse d&rsquo;enrichir. (e) Son plan \u00e9tait de refaire toute l&rsquo;anatomie pathologique cutan\u00e9e\u00a0\u00bb. Vidal fut d&rsquo;ailleurs le premier \u00e0 publier en France avec Henri Leloir, Professeur de dermatologie \u00e0 Lille, un ouvrage d&rsquo;anatomie pathologique cutan\u00e9e enrichie d&rsquo;une abondante iconographie en couleurs.<br \/>\nEn mati\u00e8re de th\u00e9rapeutique dermatologique, le nom de Vidal fut longtemps attache \u00e0 la m\u00e9thode des scarifications lin\u00e9aires quadrill\u00e9es surtout utilis\u00e9es dans le traitement du lupus vulgaire, de la couperose, de la s\u00e9borrh\u00e9e, des imp\u00e9tigos.<\/p>\n<p>Vidal manifesta un constant int\u00e9r\u00eat pour les questions de sant\u00e9 publique qui lui valurent d&rsquo;\u00eatre secr\u00e9taire de la Soci\u00e9t\u00e9 de Temp\u00e9rance pendant plusieurs ann\u00e9es. Il fut \u00e9galement le premier \u00e0 proposer \u00e0 la Soci\u00e9t\u00e9 M\u00e9dicale des H\u00f4pitaux de Paris d&rsquo;isoler les malades contagieux et tout particuli\u00e8rement les varioleux.<\/p>\n<p>Selon Brocq, le nom de Vidal reste surtout attache \u00e0 la m\u00e9thode des scarifications lin\u00e9aires quadrill\u00e9es : \u00ab\u00a0il nous a appris \u00e0 arr\u00eater la marche extensive du lupus vulgaire en scarifiant largement les bords et en empi\u00e9tant de plusieurs millim\u00e8tres sur les tissus sains en apparence, \u00e0 gu\u00e9rir le lupus vorax sans d\u00e9labrement et \u00e0 pr\u00e9venir ainsi d&rsquo;effroyables mutilations en r\u00e9duisant en v\u00e9ritable bouillie le tissu morbide (e) Ceux qui l&rsquo;ont vu alors qu&rsquo;il \u00e9tait m\u00e9decin de cet H\u00f4pital \u00e0 ces fameuses s\u00e9ances op\u00e9ratoires du jeudi o\u00f9 il avait chaque semaine \u00e0 traiter de 60 \u00e0 80 cas, ceux-le savent comment il appliquait cette m\u00e9thode et quels r\u00e9sultats il en obtenait\u00a0\u00bb.<\/p>\n<p>Sabouraud, interne de Vidal en 1889 d\u00e9crivit son Ma\u00eetre comme \u00ab\u00a0un homme d&rsquo;un caract\u00e8re acari\u00e2tre et difficile (e) despotique, fort grincheux envers les internes qui ne savaient rien en dermatologie (e) au d\u00e9but Vidal me fit la vie si dure qu&rsquo;un jour \u00e2pres une algarade, je lui proposai de changer de service. Il se radoucit aussit\u00f4t et devint par la suite bien plus aimable \u00e0 mon endroit. Et ce fut Wickham plus pacifique qui endossa dor\u00e9navant sa mauvaise humeur (e). Vidal avait une qualit\u00e9 \u00e9tonnante de diagnostic \u00e0 premi\u00e8re vue souvent de tr\u00e8s loin (..) nous disions de son diagnostic qu&rsquo;il \u00e9tait t\u00e9lescopique\u00a0\u00bb .<\/p>\n<p>Officier de la l\u00e9gion d&rsquo;Honneur, membre de l\u2019Acad\u00e9mie de M\u00e9decine \u00e9lu en 1883, membre fondateur de la Soci\u00e9t\u00e9 fran\u00e7aise de dermatologie, Vidal mourut en 1893.<\/p>\n","protected":false},"excerpt":{"rendered":"<p>Apr\u00e8s avoir suivi les cours de l\u2019\u00c9cole de M\u00e9decine de Tours, Vidal fut nomm\u00e9 IHP en 1850. Refuse \u00e0 l\u2019agr\u00e9gation de m\u00e9decine, Vidal fut l&rsquo;un des premiers en France \u00e0 d\u00e9velopper l&rsquo;int\u00e9r\u00eat de l&rsquo;anatomo-pathologie en dermatologie : \u00ab\u00a0tous ses \u00e9l\u00e8ves connaissaient la fameuse armoire aux pr\u00e9parations de son laboratoire, armoire remplie de bo\u00eetes soigneusement \u00e9tiquet\u00e9es &hellip; <a href=\"https:\/\/numerabilis.u-paris.fr\/partenaires\/sfhd\/biographies\/emile-vidal-1825-1893\/\">Continued<\/a><\/p>\n","protected":false},"author":1,"featured_media":159,"comment_status":"closed","ping_status":"closed","template":"","meta":{"_links_to":"","_links_to_target":""},"_links":{"self":[{"href":"https:\/\/numerabilis.u-paris.fr\/partenaires\/sfhd\/wp-json\/wp\/v2\/biographie\/515"}],"collection":[{"href":"https:\/\/numerabilis.u-paris.fr\/partenaires\/sfhd\/wp-json\/wp\/v2\/biographie"}],"about":[{"href":"https:\/\/numerabilis.u-paris.fr\/partenaires\/sfhd\/wp-json\/wp\/v2\/types\/biographie"}],"author":[{"embeddable":true,"href":"https:\/\/numerabilis.u-paris.fr\/partenaires\/sfhd\/wp-json\/wp\/v2\/users\/1"}],"replies":[{"embeddable":true,"href":"https:\/\/numerabilis.u-paris.fr\/partenaires\/sfhd\/wp-json\/wp\/v2\/comments?post=515"}],"version-history":[{"count":3,"href":"https:\/\/numerabilis.u-paris.fr\/partenaires\/sfhd\/wp-json\/wp\/v2\/biographie\/515\/revisions"}],"predecessor-version":[{"id":1512,"href":"https:\/\/numerabilis.u-paris.fr\/partenaires\/sfhd\/wp-json\/wp\/v2\/biographie\/515\/revisions\/1512"}],"wp:featuredmedia":[{"embeddable":true,"href":"https:\/\/numerabilis.u-paris.fr\/partenaires\/sfhd\/wp-json\/wp\/v2\/media\/159"}],"wp:attachment":[{"href":"https:\/\/numerabilis.u-paris.fr\/partenaires\/sfhd\/wp-json\/wp\/v2\/media?parent=515"}],"curies":[{"name":"wp","href":"https:\/\/api.w.org\/{rel}","templated":true}]}}

Émile VIDAL (1825-1893)

<p>Après avoir suivi les cours de l’École de Médecine de Tours, Vidal fut nommé IHP en 1850. Refuse à l’agrégation de médecine, Vidal fut l&rsquo;un des premiers en France à développer l&rsquo;intérêt de l&rsquo;anatomo-pathologie en dermatologie : « tous ses élèves connaissaient la fameuse armoire aux préparations de son laboratoire, armoire remplie de boîtes soigneusement étiquetées dans lesquelles se trouvaient de nombreuses coupes histologiques dues aux collaborateurs les plus divers, malheureusement pas toujours excellentes, collection qu&rsquo;il croyait de grande valeur et qu&rsquo;il s&rsquo;efforçait sans cesse d&rsquo;enrichir. (e) Son plan était de refaire toute l&rsquo;anatomie pathologique cutanée ». Vidal fut d&rsquo;ailleurs le premier à publier en France avec Henri Leloir, Professeur de dermatologie à Lille, un ouvrage d&rsquo;anatomie pathologique cutanée enrichie d&rsquo;une abondante iconographie en couleurs.<br />
En matière de thérapeutique dermatologique, le nom de Vidal fut longtemps attache à la méthode des scarifications linéaires quadrillées surtout utilisées dans le traitement du lupus vulgaire, de la couperose, de la séborrhée, des impétigos.</p>
<p>Vidal manifesta un constant intérêt pour les questions de santé publique qui lui valurent d&rsquo;être secrétaire de la Société de Tempérance pendant plusieurs années. Il fut également le premier à proposer à la Société Médicale des Hôpitaux de Paris d&rsquo;isoler les malades contagieux et tout particulièrement les varioleux.</p>
<p>Selon Brocq, le nom de Vidal reste surtout attache à la méthode des scarifications linéaires quadrillées : « il nous a appris à arrêter la marche extensive du lupus vulgaire en scarifiant largement les bords et en empiétant de plusieurs millimètres sur les tissus sains en apparence, à guérir le lupus vorax sans délabrement et à prévenir ainsi d&rsquo;effroyables mutilations en réduisant en véritable bouillie le tissu morbide (e) Ceux qui l&rsquo;ont vu alors qu&rsquo;il était médecin de cet Hôpital à ces fameuses séances opératoires du jeudi où il avait chaque semaine à traiter de 60 à 80 cas, ceux-le savent comment il appliquait cette méthode et quels résultats il en obtenait ».</p>
<p>Sabouraud, interne de Vidal en 1889 décrivit son Maître comme « un homme d&rsquo;un caractère acariâtre et difficile (e) despotique, fort grincheux envers les internes qui ne savaient rien en dermatologie (e) au début Vidal me fit la vie si dure qu&rsquo;un jour âpres une algarade, je lui proposai de changer de service. Il se radoucit aussitôt et devint par la suite bien plus aimable à mon endroit. Et ce fut Wickham plus pacifique qui endossa dorénavant sa mauvaise humeur (e). Vidal avait une qualité étonnante de diagnostic à première vue souvent de très loin (..) nous disions de son diagnostic qu&rsquo;il était télescopique » .</p>
<p>Officier de la légion d&rsquo;Honneur, membre de l’Académie de Médecine élu en 1883, membre fondateur de la Société française de dermatologie, Vidal mourut en 1893.</p>

<p>Après avoir suivi les cours de l’École de Médecine de Tours, Vidal fut nommé IHP en 1850. Refuse à l’agrégation de médecine, Vidal fut l&rsquo;un des premiers en France à développer l&rsquo;intérêt de l&rsquo;anatomo-pathologie en dermatologie : « tous ses élèves connaissaient la fameuse armoire aux préparations de son laboratoire, armoire remplie de boîtes soigneusement étiquetées &hellip; <a href="https://numerabilis.u-paris.fr/partenaires/sfhd/biographies/emile-vidal-1825-1893/">Continued</a></p>
